{"id":24754,"date":"2022-08-19T10:18:58","date_gmt":"2022-08-19T08:18:58","guid":{"rendered":"https:\/\/wheelbarrow-walk.com\/?page_id=24754"},"modified":"2022-08-19T10:21:19","modified_gmt":"2022-08-19T08:21:19","slug":"communique-de-presse-19-aout-2022-fr-be","status":"publish","type":"page","link":"https:\/\/wheelbarrow-walk.com\/en\/communique-de-presse-19-aout-2022-fr-be\/","title":{"rendered":"Communiqu\u00e9 de presse 19 ao\u00fbt 2022 FR-BE"},"content":{"rendered":"\t\t<div data-elementor-type=\"wp-page\" data-elementor-id=\"24754\" class=\"elementor elementor-24754\" data-elementor-post-type=\"page\">\n\t\t\t\t\t\t<section class=\"elementor-section elementor-top-section elementor-element elementor-element-74a9a2a elementor-section-boxed elementor-section-height-default elementor-section-height-default\" data-id=\"74a9a2a\" data-element_type=\"section\" data-e-type=\"section\">\n\t\t\t\t\t\t<div class=\"elementor-container elementor-column-gap-default\">\n\t\t\t\t\t<div class=\"elementor-column elementor-col-100 elementor-top-column elementor-element elementor-element-f33e757\" data-id=\"f33e757\" data-element_type=\"column\" data-e-type=\"column\">\n\t\t\t<div class=\"elementor-widget-wrap elementor-element-populated\">\n\t\t\t\t\t\t<div class=\"elementor-element elementor-element-bef91e8 elementor-widget elementor-widget-text-editor\" data-id=\"bef91e8\" data-element_type=\"widget\" data-e-type=\"widget\" data-widget_type=\"text-editor.default\">\n\t\t\t\t<div class=\"elementor-widget-container\">\n\t\t\t\t\t\t\t\t\t<div class=\"\"><div class=\"\"><div class=\"\"><div class=\"\"><div class=\"\"><div class=\"\">\u2014 Communiqu\u00e9 de presse \u2014\u00a0<\/div><div class=\"\">\u00a0<\/div><div class=\"\"><b class=\"\">Varik, le 19 ao\u00fbt 2022<\/b>\u00a0<\/div><div class=\"\">\u00a0<\/div><div class=\"\"><b class=\"\">A l&#8217;invitation de l&#8217;UNESCO et de l&#8217;UE :<\/b><\/div><div class=\"\">\u00a0<\/div><div class=\"\"><b class=\"\">LA MARCHE \u00c0 BROUETTE D\u2019HENRY FUT UN GRAND SUCC\u00c8S ET AURA UNE SUITE<\/b><\/div><div class=\"\">Henry Mentink a quitt\u00e9 Varik le 22 avril, marchant avec sa brouette, remplie de sacs de terre provenant de plus de 75 pays. Et le 7 juin, il\u00a0 est arriv\u00e9 \u00e0 Paris au si\u00e8ge de l&#8217;UNESCO avec pour objectif d&#8217;inscrire la Terre enti\u00e8re sur la Liste du patrimoine mondial. De nombreuses personnes lui avaient envoy\u00e9 de la terre de leur jardin, fait un don et \u00e9mis un v\u0153u pour la Terre. &#8220;Il est impossible d&#8217;inscrire la Terre sur la Liste du patrimoine mondial, mais c&#8217;est une bonne id\u00e9e&#8221;, a d\u00e9clar\u00e9 le secr\u00e9taire g\u00e9n\u00e9ral de l&#8217;UNESCO Pays-Bas, avant l\u2019entame de la marche \u00e0 brouette. En partie gr\u00e2ce aux appels en ce sens de l&#8217;Unesco et de l&#8217;UE, Varik est d\u00e9j\u00e0 occup\u00e9 \u00e0 r\u00e9fl\u00e9chir et \u00e0 discuter d&#8217;un suivi appropri\u00e9.<\/div><div class=\"\">\u00a0<\/div><div class=\"\">Henry Mentink : \u00ab La marche \u00e0 brouette a \u00e9t\u00e9 un grand succ\u00e8s ; au-del\u00e0 des esp\u00e9rances en termes de belles initiatives et de rencontres en cours de route, de belles r\u00e9ceptions et d&#8217;une publicit\u00e9 qui a d\u00e9pass\u00e9 toutes les esp\u00e9rances. Notre id\u00e9e est de nous rallier \u00e0 la phrase de l&#8217;UNESCO qui dit : \u00ab Inscrire toute la Terre sur la Liste du patrimoine mondial n&#8217;est pas possible, mais c&#8217;est une bonne id\u00e9e. &#8221; Notre plan est par cons\u00e9quent d&#8217;organiser une prochaine marche \u00e0 brouette en 2024 dans laquelle nous montrerons que, par exemple, le Veerhuis est &#8221; Digne du Patrimoine Mondial&#8221;. Nous continuerons \u00e9galement d\u2019encourager d\u2019autres initiatives \u00e0 cet \u00e9gard. UNESCO nous encourage \u00e9galement \u00e0 le faire, comme nous l&#8217;avons appris lors d&#8217;une conversation r\u00e9cente. L&#8217;UE est \u00e9galement positive \u00e0 ce sujet.&#8221;<\/div><div class=\"\">\u00a0<\/div><div class=\"\"><b class=\"\">Plus d&#8217;info:\u00a0<\/b><\/div><div class=\"\">En cliquant sur ce lien:[ <span class=\"\"><a class=\"\" href=\"https:\/\/bit.ly\/3PA3E0i\">https:\/\/bit.ly\/3PA3E0i<\/a>\u00a0<\/span>(*)] vous trouvez un documentaire de synth\u00e8se de 20&#8242; de toute la marche \u00e0 brouette. Profitez de ce p\u00e8lerinage de 45 jours pour la Terre, comme d&#8217;une pi\u00e8ce de th\u00e9\u00e2tre en 45 actes.\u00a0<\/div><div class=\"\">\u00a0<\/div><div class=\"\">(*) Pour les sous-titres anglais, allez dans le r\u00e9glage et choisissez les sous-titres anglais.<\/div><div class=\"\">\u00a0<\/div><div class=\"\">Des suggestions ou des questions? Merci de nous les communiquer. Vous \u00eates \u00e9galement les bienvenus le samedi 27 ao\u00fbt prochain \u00e0 notre soir\u00e9e d\u2019information: <span class=\"\"><a class=\"\" href=\"https:\/\/bit.ly\/3A0gMWJ\">https:\/\/bit.ly\/3A0gMWJ<\/a><\/span>\u00a0<\/div><\/div><\/div><div class=\"\"><div class=\"\">\u00a0<\/div><\/div><\/div><div class=\"\"><b class=\"\">Pour plus d&#8217;information veuillez contacter:<\/b><\/div><div class=\"\">Frans-Willem Deli\u00ebn\u00a0<\/div><div class=\"\">T\u00e9l.: +31 6 38 600 504 \u00a0<\/div><div class=\"\">\u00a0<\/div><div class=\"\"><span class=\"\"><a class=\"\" href=\"mailto:media@wheelbarrow-walk.com\">media@wheelbarrow-walk.com<\/a><\/span><span class=\"\">\u00a0<\/span><\/div><div class=\"\">\u00a0<\/div><div class=\"\">Des informations sur les 45 jours de ce P\u00e8lerinage Pour la Terre, les initiatives le long de <i class=\"\">la ligne droite <\/i>et encore beaucoup plus se trouvent sur: \u00a0<\/div><div class=\"\">\u00a0<\/div><div class=\"\"><span class=\"\"><a class=\"\" href=\"http:\/\/www.wheelbarrow-walk.com\/\">www.wheelbarrow-walk.com<\/a><\/span><\/div><\/div><\/div>\t\t\t\t\t\t\t\t<\/div>\n\t\t\t\t<\/div>\n\t\t\t\t\t<\/div>\n\t\t<\/div>\n\t\t\t\t\t<\/div>\n\t\t<\/section>\n\t\t\t\t<\/div>\n\t\t","protected":false},"excerpt":{"rendered":"<p>\u2014 Communiqu\u00e9 de presse \u2014\u00a0\u00a0Varik, le 19 ao\u00fbt 2022\u00a0\u00a0A l&#8217;invitation de l&#8217;UNESCO et de l&#8217;UE :\u00a0LA MARCHE \u00c0 BROUETTE D\u2019HENRY FUT UN GRAND SUCC\u00c8S ET AURA UNE SUITEHenry Mentink a quitt\u00e9 Varik le 22 avril, marchant avec sa brouette, remplie de sacs de terre provenant de plus de 75 pays. Et le 7 juin, il\u00a0 [&hellip;]<\/p>\n","protected":false},"author":26,"featured_media":0,"parent":0,"menu_order":0,"comment_status":"closed","ping_status":"closed","template":"","meta":{"_glsr_average":0,"_glsr_ranking":0,"_glsr_reviews":0,"footnotes":""},"class_list":["post-24754","page","type-page","status-publish","hentry"],"_links":{"self":[{"href":"https:\/\/wheelbarrow-walk.com\/en\/wp-json\/wp\/v2\/pages\/24754","targetHints":{"allow":["GET"]}}],"collection":[{"href":"https:\/\/wheelbarrow-walk.com\/en\/wp-json\/wp\/v2\/pages"}],"about":[{"href":"https:\/\/wheelbarrow-walk.com\/en\/wp-json\/wp\/v2\/types\/page"}],"author":[{"embeddable":true,"href":"https:\/\/wheelbarrow-walk.com\/en\/wp-json\/wp\/v2\/users\/26"}],"replies":[{"embeddable":true,"href":"https:\/\/wheelbarrow-walk.com\/en\/wp-json\/wp\/v2\/comments?post=24754"}],"version-history":[{"count":3,"href":"https:\/\/wheelbarrow-walk.com\/en\/wp-json\/wp\/v2\/pages\/24754\/revisions"}],"predecessor-version":[{"id":24768,"href":"https:\/\/wheelbarrow-walk.com\/en\/wp-json\/wp\/v2\/pages\/24754\/revisions\/24768"}],"wp:attachment":[{"href":"https:\/\/wheelbarrow-walk.com\/en\/wp-json\/wp\/v2\/media?parent=24754"}],"curies":[{"name":"wp","href":"https:\/\/api.w.org\/{rel}","templated":true}]}}

Communiqué de presse 19 août 2022 FR-BE

<div data-elementor-type="wp-page" data-elementor-id="24754" class="elementor elementor-24754" data-elementor-post-type="page">
						<section class="elementor-section elementor-top-section elementor-element elementor-element-74a9a2a elementor-section-boxed elementor-section-height-default elementor-section-height-default" data-id="74a9a2a" data-element_type="section" data-e-type="section">
						<div class="elementor-container elementor-column-gap-default">
					<div class="elementor-column elementor-col-100 elementor-top-column elementor-element elementor-element-f33e757" data-id="f33e757" data-element_type="column" data-e-type="column">
			<div class="elementor-widget-wrap elementor-element-populated">
						<div class="elementor-element elementor-element-bef91e8 elementor-widget elementor-widget-text-editor" data-id="bef91e8" data-element_type="widget" data-e-type="widget" data-widget_type="text-editor.default">
				<div class="elementor-widget-container">
									<div class=""><div class=""><div class=""><div class=""><div class=""><div class="">— Communiqué de presse — </div><div class=""> </div><div class=""><b class="">Varik, le 19 août 2022</b> </div><div class=""> </div><div class=""><b class="">A l&#8217;invitation de l&#8217;UNESCO et de l&#8217;UE :</b></div><div class=""> </div><div class=""><b class="">LA MARCHE À BROUETTE D’HENRY FUT UN GRAND SUCCÈS ET AURA UNE SUITE</b></div><div class="">Henry Mentink a quitté Varik le 22 avril, marchant avec sa brouette, remplie de sacs de terre provenant de plus de 75 pays. Et le 7 juin, il  est arrivé à Paris au siège de l&#8217;UNESCO avec pour objectif d&#8217;inscrire la Terre entière sur la Liste du patrimoine mondial. De nombreuses personnes lui avaient envoyé de la terre de leur jardin, fait un don et émis un vœu pour la Terre. &#8220;Il est impossible d&#8217;inscrire la Terre sur la Liste du patrimoine mondial, mais c&#8217;est une bonne idée&#8221;, a déclaré le secrétaire général de l&#8217;UNESCO Pays-Bas, avant l’entame de la marche à brouette. En partie grâce aux appels en ce sens de l&#8217;Unesco et de l&#8217;UE, Varik est déjà occupé à réfléchir et à discuter d&#8217;un suivi approprié.</div><div class=""> </div><div class="">Henry Mentink : « La marche à brouette a été un grand succès ; au-delà des espérances en termes de belles initiatives et de rencontres en cours de route, de belles réceptions et d&#8217;une publicité qui a dépassé toutes les espérances. Notre idée est de nous rallier à la phrase de l&#8217;UNESCO qui dit : « Inscrire toute la Terre sur la Liste du patrimoine mondial n&#8217;est pas possible, mais c&#8217;est une bonne idée. &#8221; Notre plan est par conséquent d&#8217;organiser une prochaine marche à brouette en 2024 dans laquelle nous montrerons que, par exemple, le Veerhuis est &#8221; Digne du Patrimoine Mondial&#8221;. Nous continuerons également d’encourager d’autres initiatives à cet égard. UNESCO nous encourage également à le faire, comme nous l&#8217;avons appris lors d&#8217;une conversation récente. L&#8217;UE est également positive à ce sujet.&#8221;</div><div class=""> </div><div class=""><b class="">Plus d&#8217;info: </b></div><div class="">En cliquant sur ce lien:[ <span class=""><a class="" href="https://bit.ly/3PA3E0i">https://bit.ly/3PA3E0i</a> </span>(*)] vous trouvez un documentaire de synthèse de 20&#8242; de toute la marche à brouette. Profitez de ce pèlerinage de 45 jours pour la Terre, comme d&#8217;une pièce de théâtre en 45 actes. </div><div class=""> </div><div class="">(*) Pour les sous-titres anglais, allez dans le réglage et choisissez les sous-titres anglais.</div><div class=""> </div><div class="">Des suggestions ou des questions? Merci de nous les communiquer. Vous êtes également les bienvenus le samedi 27 août prochain à notre soirée d’information: <span class=""><a class="" href="https://bit.ly/3A0gMWJ">https://bit.ly/3A0gMWJ</a></span> </div></div></div><div class=""><div class=""> </div></div></div><div class=""><b class="">Pour plus d&#8217;information veuillez contacter:</b></div><div class="">Frans-Willem Deliën </div><div class="">Tél.: +31 6 38 600 504  </div><div class=""> </div><div class=""><span class=""><a class="" href="mailto:media@wheelbarrow-walk.com">media@wheelbarrow-walk.com</a></span><span class=""> </span></div><div class=""> </div><div class="">Des informations sur les 45 jours de ce Pèlerinage Pour la Terre, les initiatives le long de <i class="">la ligne droite </i>et encore beaucoup plus se trouvent sur:  </div><div class=""> </div><div class=""><span class=""><a class="" href="http://www.wheelbarrow-walk.com/">www.wheelbarrow-walk.com</a></span></div></div></div>								</div>
				</div>
					</div>
		</div>
					</div>
		</section>
				</div>

<p>— Communiqué de presse —  Varik, le 19 août 2022  A l&#8217;invitation de l&#8217;UNESCO et de l&#8217;UE : LA MARCHE À BROUETTE D’HENRY FUT UN GRAND SUCCÈS ET AURA UNE SUITEHenry Mentink a quitté Varik le 22 avril, marchant avec sa brouette, remplie de sacs de terre provenant de plus de 75 pays. Et le 7 juin, il  [&hellip;]</p>
