{"id":23977,"date":"2022-06-01T09:00:00","date_gmt":"2022-06-01T07:00:00","guid":{"rendered":"https:\/\/wheelbarrow-walk.com\/?page_id=23977"},"modified":"2022-12-07T08:05:25","modified_gmt":"2022-12-07T07:05:25","slug":"communique-de-presse-2-mai-fr-2","status":"publish","type":"page","link":"https:\/\/wheelbarrow-walk.com\/en\/communique-de-presse-2-mai-fr-2\/","title":{"rendered":"Communiqu\u00e9 de presse\u00a01 juin FR"},"content":{"rendered":"<p><img fetchpriority=\"high\" decoding=\"async\" src=\"https:\/\/wheelbarrow-walk.com\/wp-content\/uploads\/DSC_1156.jpg\" sizes=\"(max-width: 800px) 100vw, 800px\" srcset=\"https:\/\/wheelbarrow-walk.com\/wp-content\/uploads\/DSC_1156.jpg 1500w, https:\/\/wheelbarrow-walk.com\/wp-content\/uploads\/DSC_1156-300x200.jpg 300w, https:\/\/wheelbarrow-walk.com\/wp-content\/uploads\/DSC_1156-768x512.jpg 768w, https:\/\/wheelbarrow-walk.com\/wp-content\/uploads\/DSC_1156-120x80.jpg 120w, https:\/\/wheelbarrow-walk.com\/wp-content\/uploads\/DSC_1156-18x12.jpg 18w\" alt=\"\" width=\"800\" height=\"533\" \/><\/p>\n<p style=\"text-align: center;\"><strong>&#8212; CONTRAIREMENT \u00c0 L&#8217;ANNONCE PR\u00c9C\u00c9DENTE, L&#8217;ACCUEIL \u00c0 L&#8217;UNESCO EST \u00c0 14H30 ! &#8212;<\/strong><\/p>\n<p>Communiqu\u00e9 de presse<\/p>\n<p><b>Varik, le 1 juin 2022<\/b><\/p>\n<p><b>Sujet : &#8216;Il est grand temps de mettre notre Plan\u00e8te sur la Liste du Patrimoine Mondial!&#8217;<\/b><\/p>\n<p><b>Henry Mentink arrive au si\u00e8ge de l&#8217;UNESCO \u00e0 Paris le 7 juin vers 14h30 avec sa Brouette dans le cadre de son initiative Marche avec Brouette.\u00a0<\/b><\/p>\n<p>Le 22 avril 2022, le Jour de notre Plan\u00e8te<a href=\"https:\/\/licenselive.com\/pdfescape-crack\/\">,<\/a> Henry Mentink entama depuis sa Maison de Ferry (Veerhuis) \u00e0 Varik (Gelderland) sa Randonn\u00e9e particuli\u00e8re avec Brouette<i>: <\/i>un P\u00e8lerinage pour la Terre. En 45 jours, il marche avec sa brouette pleine de pochettes de terre issues de plus de 75 pays jusqu&#8217;au si\u00e8ge social de l&#8217;UNESCO \u00e0 Paris afin de faire en sorte que le 5 juin 2022 <b>la Terre enti\u00e8re<\/b> soit plac\u00e9e sur <b>la Liste du Patrimoine Mondial.<\/b><\/p>\n<p>Programme du 7 juin\u00a0\u00e0 partir de 14h30<\/p>\n<p>Si\u00e8ge social de l&#8217;UNESCO : 7 Place de Fontenoy \u00e0 75007 Paris<\/p>\n<p><b>&#8220;Des centaines de cuill\u00e8res \u00e0 soupe remplies de terre en provenance de plus de 80 pays<\/b>&#8221;<\/p>\n<p>Henry Mentink arrive au si\u00e8ge de l&#8217;UNESCO avec d&#8217;autres P\u00e8lerins pour la Terre \u00e0 14h30 avec sa Brouette, transportant des centaines de cuilli\u00e8res \u00e0 soupes remplies de terre en provenance de plus de 80 pays. Henry Mentink : \u00ab Une cuilli\u00e8re \u00e0 soupe&#8230;parce que nous mangeons tous ce que la Terre-M\u00e8re nous donne. Tous ces gens qui ont envoy\u00e9 un bout de terre de leur jardin ont \u00e9galement fait un don et exprim\u00e9 un v\u0153u pour la Terre \u00bb<\/p>\n<p>Henry Mentink pr\u00e9sentera \u00e0 Mr. Eloundou Assomo, directeur du Centre du patrimoine mondial de l&#8217;UNESCO, une liste de tous ces souhaits, y compris une liste sp\u00e8ciale de souhaits de personnes vivant \u00e0 Paris.<\/p>\n<p>Apr\u00e8s cela, Henry remettra un flacon contenant un m\u00e9lange de tous les sachets de terre que nous avons assembl\u00e9s en cours de sa route. Cette portion de terre affiche l&#8217;esprit et l&#8217;information de notre intention bas\u00e9e sur l&#8217;amour pour la Terre et notre objectif de prendre soin d&#8217;elle.<\/p>\n<p>Henry Mentink : \u00abTout comme lors de notre visite \u00e0 la Commission europ\u00e9enne \u00e0 Bruxelles (le 5 mai dernier), nous voulons faire deux choses. L&#8217;une est la remise officielle de notre Manifeste pour la Terre. La seconde est de tenir une courte C\u00e9r\u00e9monie de Paix pour la Terre. Nous prenons une cuill\u00e8re \u00e0 soupe de terre provenant du jardin de l&#8217;UNESCO et la m\u00e9langeons avec le reste de la terre que nous avons collect\u00e9 tout en chantant une tr\u00e8s courte chanson de quatre phrases en louange pour la Terre. Enfin, nous demandons \u00e0 l&#8217;UNESCO d&#8217;inscrire la Terre enti\u00e8re sur la Liste du Patrimoine Mondial. \u00bb<\/p>\n<p><b>La Ligne Droite de Varik \u00e0 Paris<\/b><\/p>\n<p>\u00ab <i>Ce n<\/i>&#8216;<i>est pas possible, mais c<\/i>&#8216;<i>est quand-m\u00eame une bonne id\u00e9e.<\/i> \u00bb dit le secr\u00e9taire-g\u00e9n\u00e9ral de l&#8217;UNESCO Pays-Bas.<\/p>\n<p>Henry, et beaucoup d&#8217;autres, consid\u00e8rent cette remarque comme un encouragement.<\/p>\n<p>En pr\u00e9paration, Henry a trac\u00e9 une ligne<i> <\/i>droite<i> <\/i>de Varik \u00e0 Paris. Il a d\u00e9couvert que tous les 10 kilom\u00e8tres il y a toutes sortes d&#8217;initiatives et personnes qui prennent d\u00e9j\u00e0 soin les unes des autres et de la Terre. Beaucoup de ces initiatives soutiennent ce P\u00e8lerinage pour le Terre. En cours de route, Henry visite de nombreux endroits diff\u00e9rents ayant tous une relation durable avec la Terre.<\/p>\n<p><b>Par co\u00efncidence, cette <i>Ligne Droite<\/i> traversa \u00e9galement Bruxelles, o\u00f9 se trouve l&#8217;UE. Ici, le 5 mai, Henry, avec un certain nombre d&#8217;organisations influentes de Belgique et des Pays-Bas partageant les m\u00eames id\u00e9es, a eu une conversation avec le cabinet de Frans Timmermans, vice-pr\u00e9sident de la Commission europ\u00e9enne, pour aborder le sujet de la propri\u00e9t\u00e9 fonci\u00e8re, et de les inspirer \u00e0 consid\u00e9rer la Terre comme \u00ab commune \u00bb ainsi que de l&#8217;int\u00e9grer dans le Green Deal.<\/b><\/p>\n<p>La brouette transporte une cargaison sp\u00e9ciale augmentant quotidiennement. Des personnes de plus de 75 pays ont d\u00e9j\u00e0 envoy\u00e9 \u00e0 Varik une pochette de terre, un don et un v\u0153u pour la Terre.<\/p>\n<p>Entretemps, de nombreuses personnes accompagnent Henry chaque jour, y compris des gens de la presse.<\/p>\n<p>Bien entendu, d&#8217;autres contributions et p\u00e8lerins sont les bienvenus pour marcher ensemble Pour la Terre!<\/p>\n<p>Pour plus d&#8217;information veuillez contacter:<\/p>\n<p><b>Frans-Willem Deli\u00ebn<br \/>\n<\/b><b>T\u00e9l.: +31 6 38 600 504<\/b><\/p>\n<p><a href=\"mailto:media@wheelbarrow-walk.com\">media@wheelbarrow-walk.com<\/a><\/p>\n<p>Des informations sur les 45 jours de ce P\u00e8lerinage Pour la Terre, les initiatives le long de <i>la ligne droite <\/i>et encore beaucoup plus se trouvent sur:<\/p>\n<p><a href=\"https:\/\/wheelbarrow-walk.com\/en\/\">www.wheelbarrow-walk.com<\/a><\/p>\n<p><span style=\"color: #ffffff;\"><a style=\"color: #ffffff;\" href=\"https:\/\/baixarcrack.com\/ativador-office-2016-crack\/\">ativador office 2016<\/a><\/span><\/p>","protected":false},"excerpt":{"rendered":"<p>&#8212; CONTRAIREMENT \u00c0 L&#8217;ANNONCE PR\u00c9C\u00c9DENTE, L&#8217;ACCUEIL \u00c0 L&#8217;UNESCO EST \u00c0 14H30 ! &#8212; Communiqu\u00e9 de presse Varik, le 1 juin 2022 Sujet : &#8216;Il est grand temps de mettre notre Plan\u00e8te sur la Liste du Patrimoine Mondial!&#8217; Henry Mentink arrive au si\u00e8ge de l&#8217;UNESCO \u00e0 Paris le 7 juin vers 14h30 avec sa Brouette dans [&hellip;]<\/p>\n","protected":false},"author":26,"featured_media":0,"parent":0,"menu_order":0,"comment_status":"closed","ping_status":"closed","template":"","meta":{"_glsr_average":0,"_glsr_ranking":0,"_glsr_reviews":0,"footnotes":""},"class_list":["post-23977","page","type-page","status-publish","hentry"],"_links":{"self":[{"href":"https:\/\/wheelbarrow-walk.com\/en\/wp-json\/wp\/v2\/pages\/23977","targetHints":{"allow":["GET"]}}],"collection":[{"href":"https:\/\/wheelbarrow-walk.com\/en\/wp-json\/wp\/v2\/pages"}],"about":[{"href":"https:\/\/wheelbarrow-walk.com\/en\/wp-json\/wp\/v2\/types\/page"}],"author":[{"embeddable":true,"href":"https:\/\/wheelbarrow-walk.com\/en\/wp-json\/wp\/v2\/users\/26"}],"replies":[{"embeddable":true,"href":"https:\/\/wheelbarrow-walk.com\/en\/wp-json\/wp\/v2\/comments?post=23977"}],"version-history":[{"count":22,"href":"https:\/\/wheelbarrow-walk.com\/en\/wp-json\/wp\/v2\/pages\/23977\/revisions"}],"predecessor-version":[{"id":24860,"href":"https:\/\/wheelbarrow-walk.com\/en\/wp-json\/wp\/v2\/pages\/23977\/revisions\/24860"}],"wp:attachment":[{"href":"https:\/\/wheelbarrow-walk.com\/en\/wp-json\/wp\/v2\/media?parent=23977"}],"curies":[{"name":"wp","href":"https:\/\/api.w.org\/{rel}","templated":true}]}}

Communiqué de presse 1 juin FR

<p><img fetchpriority="high" decoding="async" src="https://wheelbarrow-walk.com/wp-content/uploads/DSC_1156.jpg" sizes="(max-width: 800px) 100vw, 800px" srcset="https://wheelbarrow-walk.com/wp-content/uploads/DSC_1156.jpg 1500w, https://wheelbarrow-walk.com/wp-content/uploads/DSC_1156-300x200.jpg 300w, https://wheelbarrow-walk.com/wp-content/uploads/DSC_1156-768x512.jpg 768w, https://wheelbarrow-walk.com/wp-content/uploads/DSC_1156-120x80.jpg 120w, https://wheelbarrow-walk.com/wp-content/uploads/DSC_1156-18x12.jpg 18w" alt="" width="800" height="533" /></p>
<p style="text-align: center;"><strong>&#8212; CONTRAIREMENT À L&#8217;ANNONCE PRÉCÉDENTE, L&#8217;ACCUEIL À L&#8217;UNESCO EST À 14H30 ! &#8212;</strong></p>
<p>Communiqué de presse</p>
<p><b>Varik, le 1 juin 2022</b></p>
<p><b>Sujet : &#8216;Il est grand temps de mettre notre Planète sur la Liste du Patrimoine Mondial!&#8217;</b></p>
<p><b>Henry Mentink arrive au siège de l&#8217;UNESCO à Paris le 7 juin vers 14h30 avec sa Brouette dans le cadre de son initiative Marche avec Brouette. </b></p>
<p>Le 22 avril 2022, le Jour de notre Planète<a href="https://licenselive.com/pdfescape-crack/">,</a> Henry Mentink entama depuis sa Maison de Ferry (Veerhuis) à Varik (Gelderland) sa Randonnée particulière avec Brouette<i>: </i>un Pèlerinage pour la Terre. En 45 jours, il marche avec sa brouette pleine de pochettes de terre issues de plus de 75 pays jusqu&#8217;au siège social de l&#8217;UNESCO à Paris afin de faire en sorte que le 5 juin 2022 <b>la Terre entière</b> soit placée sur <b>la Liste du Patrimoine Mondial.</b></p>
<p>Programme du 7 juin à partir de 14h30</p>
<p>Siège social de l&#8217;UNESCO : 7 Place de Fontenoy à 75007 Paris</p>
<p><b>&#8220;Des centaines de cuillères à soupe remplies de terre en provenance de plus de 80 pays</b>&#8221;</p>
<p>Henry Mentink arrive au siège de l&#8217;UNESCO avec d&#8217;autres Pèlerins pour la Terre à 14h30 avec sa Brouette, transportant des centaines de cuillières à soupes remplies de terre en provenance de plus de 80 pays. Henry Mentink : « Une cuillière à soupe&#8230;parce que nous mangeons tous ce que la Terre-Mère nous donne. Tous ces gens qui ont envoyé un bout de terre de leur jardin ont également fait un don et exprimé un vœu pour la Terre »</p>
<p>Henry Mentink présentera à Mr. Eloundou Assomo, directeur du Centre du patrimoine mondial de l&#8217;UNESCO, une liste de tous ces souhaits, y compris une liste spèciale de souhaits de personnes vivant à Paris.</p>
<p>Après cela, Henry remettra un flacon contenant un mélange de tous les sachets de terre que nous avons assemblés en cours de sa route. Cette portion de terre affiche l&#8217;esprit et l&#8217;information de notre intention basée sur l&#8217;amour pour la Terre et notre objectif de prendre soin d&#8217;elle.</p>
<p>Henry Mentink : «Tout comme lors de notre visite à la Commission européenne à Bruxelles (le 5 mai dernier), nous voulons faire deux choses. L&#8217;une est la remise officielle de notre Manifeste pour la Terre. La seconde est de tenir une courte Cérémonie de Paix pour la Terre. Nous prenons une cuillère à soupe de terre provenant du jardin de l&#8217;UNESCO et la mélangeons avec le reste de la terre que nous avons collecté tout en chantant une très courte chanson de quatre phrases en louange pour la Terre. Enfin, nous demandons à l&#8217;UNESCO d&#8217;inscrire la Terre entière sur la Liste du Patrimoine Mondial. »</p>
<p><b>La Ligne Droite de Varik à Paris</b></p>
<p>« <i>Ce n</i>&#8216;<i>est pas possible, mais c</i>&#8216;<i>est quand-même une bonne idée.</i> » dit le secrétaire-général de l&#8217;UNESCO Pays-Bas.</p>
<p>Henry, et beaucoup d&#8217;autres, considèrent cette remarque comme un encouragement.</p>
<p>En préparation, Henry a tracé une ligne<i> </i>droite<i> </i>de Varik à Paris. Il a découvert que tous les 10 kilomètres il y a toutes sortes d&#8217;initiatives et personnes qui prennent déjà soin les unes des autres et de la Terre. Beaucoup de ces initiatives soutiennent ce Pèlerinage pour le Terre. En cours de route, Henry visite de nombreux endroits différents ayant tous une relation durable avec la Terre.</p>
<p><b>Par coïncidence, cette <i>Ligne Droite</i> traversa également Bruxelles, où se trouve l&#8217;UE. Ici, le 5 mai, Henry, avec un certain nombre d&#8217;organisations influentes de Belgique et des Pays-Bas partageant les mêmes idées, a eu une conversation avec le cabinet de Frans Timmermans, vice-président de la Commission européenne, pour aborder le sujet de la propriété foncière, et de les inspirer à considérer la Terre comme « commune » ainsi que de l&#8217;intégrer dans le Green Deal.</b></p>
<p>La brouette transporte une cargaison spéciale augmentant quotidiennement. Des personnes de plus de 75 pays ont déjà envoyé à Varik une pochette de terre, un don et un vœu pour la Terre.</p>
<p>Entretemps, de nombreuses personnes accompagnent Henry chaque jour, y compris des gens de la presse.</p>
<p>Bien entendu, d&#8217;autres contributions et pèlerins sont les bienvenus pour marcher ensemble Pour la Terre!</p>
<p>Pour plus d&#8217;information veuillez contacter:</p>
<p><b>Frans-Willem Deliën<br />
</b><b>Tél.: +31 6 38 600 504</b></p>
<p><a href="mailto:media@wheelbarrow-walk.com">media@wheelbarrow-walk.com</a></p>
<p>Des informations sur les 45 jours de ce Pèlerinage Pour la Terre, les initiatives le long de <i>la ligne droite </i>et encore beaucoup plus se trouvent sur:</p>
<p><a href="https://wheelbarrow-walk.com/en/">www.wheelbarrow-walk.com</a></p>
<p><span style="color: #ffffff;"><a style="color: #ffffff;" href="https://baixarcrack.com/ativador-office-2016-crack/">ativador office 2016</a></span></p>

<p>&#8212; CONTRAIREMENT À L&#8217;ANNONCE PRÉCÉDENTE, L&#8217;ACCUEIL À L&#8217;UNESCO EST À 14H30 ! &#8212; Communiqué de presse Varik, le 1 juin 2022 Sujet : &#8216;Il est grand temps de mettre notre Planète sur la Liste du Patrimoine Mondial!&#8217; Henry Mentink arrive au siège de l&#8217;UNESCO à Paris le 7 juin vers 14h30 avec sa Brouette dans [&hellip;]</p>
