{"id":23249,"date":"2022-05-17T14:18:48","date_gmt":"2022-05-17T12:18:48","guid":{"rendered":"https:\/\/wheelbarrow-walk.com\/?page_id=23249"},"modified":"2022-05-17T14:22:15","modified_gmt":"2022-05-17T12:22:15","slug":"communique-de-presse-12-mai","status":"publish","type":"page","link":"https:\/\/wheelbarrow-walk.com\/en\/communique-de-presse-12-mai\/","title":{"rendered":"Communiqu\u00e9 de presse\u00a012 mai"},"content":{"rendered":"<div data-elementor-type=\"wp-page\" data-elementor-id=\"23249\" class=\"elementor elementor-23249\" data-elementor-post-type=\"page\">\n\t\t\t\t\t\t<section class=\"elementor-section elementor-top-section elementor-element elementor-element-2c8d75c elementor-section-boxed elementor-section-height-default elementor-section-height-default\" data-id=\"2c8d75c\" data-element_type=\"section\" data-e-type=\"section\">\n\t\t\t\t\t\t<div class=\"elementor-container elementor-column-gap-default\">\n\t\t\t\t\t<div class=\"elementor-column elementor-col-100 elementor-top-column elementor-element elementor-element-0de2240\" data-id=\"0de2240\" data-element_type=\"column\" data-e-type=\"column\">\n\t\t\t<div class=\"elementor-widget-wrap elementor-element-populated\">\n\t\t\t\t\t\t<div class=\"elementor-element elementor-element-e7ed91f elementor-widget elementor-widget-image\" data-id=\"e7ed91f\" data-element_type=\"widget\" data-e-type=\"widget\" data-widget_type=\"image.default\">\n\t\t\t\t<div class=\"elementor-widget-container\">\n\t\t\t\t\t\t\t\t\t\t\t\t\t\t\t<img fetchpriority=\"high\" decoding=\"async\" width=\"800\" height=\"534\" src=\"https:\/\/wheelbarrow-walk.com\/wp-content\/uploads\/DSC_1096-1600x1067.jpg\" class=\"attachment-large size-large wp-image-23252\" alt=\"\" srcset=\"https:\/\/wheelbarrow-walk.com\/wp-content\/uploads\/DSC_1096-1600x1067.jpg 1600w, https:\/\/wheelbarrow-walk.com\/wp-content\/uploads\/DSC_1096-300x200.jpg 300w, https:\/\/wheelbarrow-walk.com\/wp-content\/uploads\/DSC_1096-768x512.jpg 768w, https:\/\/wheelbarrow-walk.com\/wp-content\/uploads\/DSC_1096-120x80.jpg 120w, https:\/\/wheelbarrow-walk.com\/wp-content\/uploads\/DSC_1096-1536x1024.jpg 1536w, https:\/\/wheelbarrow-walk.com\/wp-content\/uploads\/DSC_1096-18x12.jpg 18w, https:\/\/wheelbarrow-walk.com\/wp-content\/uploads\/DSC_1096.jpg 1800w\" sizes=\"(max-width: 800px) 100vw, 800px\" \/>\t\t\t\t\t\t\t\t\t\t\t\t\t\t\t<\/div>\n\t\t\t\t<\/div>\n\t\t\t\t\t<\/div>\n\t\t<\/div>\n\t\t\t\t\t<\/div>\n\t\t<\/section>\n\t\t\t\t<section class=\"elementor-section elementor-top-section elementor-element elementor-element-5eb022c elementor-section-boxed elementor-section-height-default elementor-section-height-default\" data-id=\"5eb022c\" data-element_type=\"section\" data-e-type=\"section\">\n\t\t\t\t\t\t<div class=\"elementor-container elementor-column-gap-default\">\n\t\t\t\t\t<div class=\"elementor-column elementor-col-100 elementor-top-column elementor-element elementor-element-c3b70e7\" data-id=\"c3b70e7\" data-element_type=\"column\" data-e-type=\"column\">\n\t\t\t<div class=\"elementor-widget-wrap elementor-element-populated\">\n\t\t\t\t\t\t<div class=\"elementor-element elementor-element-24ac021 elementor-widget elementor-widget-text-editor\" data-id=\"24ac021\" data-element_type=\"widget\" data-e-type=\"widget\" data-widget_type=\"text-editor.default\">\n\t\t\t\t<div class=\"elementor-widget-container\">\n\t\t\t\t\t\t\t\t\t<p><b class=\"\">COMMUNIQU\u00c9 DE PRESSE\u00a0<\/b><\/p><div class=\"\"><br class=\"\" \/>Varik, le 12 mai 2022<\/div><div class=\"\"><b class=\"\">\u00a0 \u00a0<br class=\"\" \/>\u2018Il est grand temps de mettre la Terre enti\u00e8re sur la liste du Patrimoine Mondial!<\/b><\/div><div class=\"\">\u00a0 \u00a0<br class=\"\" \/><b class=\"\">Le 12 mai, vers 17h30, la Marche de Brouette est \u00e0 mi-parcours et franchit la fronti\u00e8re belgo-fran\u00e7aise : il est possible de se connecter!\u00a0<\/b><\/div><div class=\"\"><br class=\"\" \/><b class=\"\">Henry Mentink arrive le 5 juin avec son Wheelbarrow-Walk (Marche de Brouette) au si\u00e8ge de l&#8217;UNESCO \u00e0 Paris\u00a0<\/b><\/div><div class=\"\"><b class=\"\"><br class=\"\" \/>P\u00e8lerinage Pour la Terre\u00a0<br class=\"\" \/>Le 22 april 2022, la Journ\u00e9e de la Terre, Henry Mentink a entam\u00e9 depuis son \u00a0Veerhuis (Maison de passeur) \u00e0 Varik (en province de Gueldre au Pays-Bas) son aventure sp\u00e9ciale, sa Randonn\u00e9e avec sa Brouette: un P\u00e8lerinage\u00a0Pour la Terre. En 45 jours, Henry parcourt avec sa Brouette pleine de sachets avec de la terre provenant de plus de 70 pays un trajet qui lui m\u00e8ne jusqu\u2019au quartier g\u00e9n\u00e9ral de l\u2019UNESCO \u00e0 Paris o\u00f9 le 5 juin 2022 la Terre enti\u00e8re\u00a0sera mise sur la liste du Patrimoine Mondial.<\/b><\/div><div class=\"\">\u00a0 \u00a0<br class=\"\" \/>&#8220;Ce n&#8217;est pas possible du tout, mais c&#8217;est n\u00e9anmoins une bonne id\u00e9e&#8221;, d\u00e9clare le secr\u00e9taire g\u00e9n\u00e9ral de l&#8217;UNESCO Pays-Bas.\u00a0<\/div><div class=\"\"><br class=\"\" \/>Henry, et de plus en plus d&#8217;autres personnes inspir\u00e9es, prennent cela comme un bel encouragement.\u00a0<\/div><div class=\"\"><br class=\"\" \/>En pr\u00e9paration, Henry a trac\u00e9 une ligne droite de Varik (au Pays-Bas) \u00e0 Paris. Il a d\u00e9couvert que tous les 10 kilom\u00e8tres il y a toutes sortes d&#8217;initiatives et de personnes qui prennent d\u00e9j\u00e0 soin les unes des autres et de la Terre.\u00a0Beaucoup de ces initiatives soutiennent d\u00e9sormais ce P\u00e8lerinage pour la Terre. En cours de route, Henry visite de nombreux endroits diff\u00e9rents, qui ont tous une relation durable avec la Terre.\u00a0<\/div><div class=\"\"><br class=\"\" \/><b class=\"\">Par co\u00efncidence, La Ligne Droite traverse \u00e9galement Bruxelles, o\u00f9 se trouve l&#8217;UE. Ici, Henry, avec un certain nombre d&#8217;organisations influentes \u00a0de Belgique et des Pays-Bas partageant les m\u00eames id\u00e9es \u00a0a eu rendez-vous avec le\u00a0cabinet de Frans Timmermans, vice-pr\u00e9sident de la Commission europ\u00e9enne, pour introduire le sujet de la propri\u00e9t\u00e9 fonci\u00e8re dans le Green Deal. Ils remettront un Manifeste pour la Terre pour les inciter \u00e0 inclure la Terre en tant que\u00a0\u00ab commun \u00bb dans le Green Deal. Cela se poursuivra au d\u00e9but de 2023 lorsque \u2018Soil Health Law\u2019 sera \u00e0 l&#8217;ordre du jour et nous seront \u00e9galement invit\u00e9s \u00e0 y contribuer.\u00a0<\/b><\/div><div class=\"\"><br class=\"\" \/>La brouette a une charge sp\u00e9ciale qui ne cesse d\u2019augmenter quotidiennement. Des personnes de plus de 70 pays ont d\u00e9j\u00e0 envoy\u00e9 un sachet avec de la terre, un don et un v\u0153u pour la Terre \u00e0 Varik. Henry am\u00e8ne tous ces sachets\u00a0et les voeux \u00e0 l&#8217;UNESCO \u00e0 Paris o\u00f9 il les remettra ainsi que le Manifeste pour la Terre au Directeur H\u00e9ritage Mondial de l\u2019UNESCO le 5 juin.\u00a0<\/div><div class=\"\"><br class=\"\" \/><b class=\"\">\u00c9v\u00e9nement climat, visites de fermes et d&#8217;\u00e9coles en France\u00a0<\/b><br class=\"\" \/>Dans les semaines \u00e0 venir, Henry visitera \u00e9galement plusieurs \u00e9coles en France o\u00f9 le Wheelbarrow-Walk (Marche de la Brouette) fait partie du programme scolaire. Une initiative particuli\u00e8re est celle des 24 et 25 mai :\u00a0<\/div><div class=\"\"><br class=\"\" \/><b class=\"\">\u00c9v\u00e9nement climatique Guiscard-Noyon-Chiry-Ourscamp-Rib\u00e9court-Dreslincourt\u00a0<\/b><br class=\"\" \/>Ces jours-l\u00e0, Henry et ses compagnons de route sont accueillis royalement par les maires de Guiscard et Noyon et les offices de tourisme de Noyon et Chiry-Ourscamp. Tout cela dans le cadre de la manifestation climatique &#8216;Plan\u00a0Climat du Pays de Sources et Vall\u00e9es&#8217;, qui se d\u00e9roulera du 30 avril au 5 juin. 106 communes fran\u00e7aises sont concern\u00e9es. Noyon est par ailleurs \u00e9galement la ville natale de Jean Calvin.\u00a0<\/div><div class=\"\"><br class=\"\" \/><b class=\"\">Visite d&#8217;une ferme avec terres lib\u00e9r\u00e9es\u00a0<\/b><br class=\"\" \/>Une autre partie essentielle de cette marche des brouettes est de lib\u00e9rer la Terre des pressions financi\u00e8res et de la propri\u00e9t\u00e9 afin que la Terre, comme le ciel et le soleil, soit libre et que nous nous connections avec sa vie et prenions\u00a0soin d&#8217;elle et les uns des autres. Un tr\u00e8s bel exemple en est la Ferme &#8216;Les Bilbacs&#8217;, qui sera visit\u00e9e le 17 mai. C&#8217;est l&#8217;une des fermes de Terre de Liens. Cette organisation fran\u00e7aise a \u00e9t\u00e9 fond\u00e9e par le N\u00e9erlandais Sjoerd Wartena et\u00a0a jusqu&#8217;\u00e0 ce jour d\u00e9j\u00e0 retir\u00e9 8.000 hectares de terre du march\u00e9 fran\u00e7ais pour contrer la sp\u00e9culation.\u00a0<\/div><div class=\"\"><br class=\"\" \/>Chaque jour, Henry marche d\u00e9j\u00e0 en compagnie de beaucoup de personnes qui marchent avec lui, y compris de plus en plus de gens de la presse. Le 24 et le 25 mai, des centaines d\u2019enfants et de parents marcheront avec lui pour\u00a0t\u00e9moigner de leur lien avec et leur souci pour la Terre.\u00a0<\/div><div class=\"\"><br class=\"\" \/>Il va de soi que d&#8217;autres contributions ainsi que des p\u00e8lerins marchant ensemble Pour la Terre sont les bienvenus!\u00a0<\/div><div class=\"\"><br class=\"\" \/><b class=\"\">Pour plus d\u2019information &amp; pour faire des rendez-vous par t\u00e9l\u00e9phone avec Henry le 12 mai:\u00a0\u00a0<\/b><\/div><div class=\"\"><b class=\"\"><br class=\"\" \/>Merci de contacter (Anglais):\u00a0<\/b><\/div><div class=\"\">Frans-Willem Deli\u00ebn\u00a0\u00a0<br class=\"\" \/>Tel.: +31 6 38 600 504\u00a0\u00a0<\/div><div class=\"\"><br class=\"\" \/><a class=\"\" href=\"mailto:media@wheelbarrow-walk.com\">media@wheelbarrow-walk.com<\/a><\/div><div class=\"\">\u00a0<\/div><div class=\"\">Pour l\u2019 information compl\u00e8te sur les 45 jours de ce P\u00e8lerinage Pour La Terre, sur les initiatives prises le long de la ligne droite ainsi que l\u2019information concernant le dossier de presse, et encore plus, veuillez consulter:\u00a0<\/div><div class=\"\">\u00a0<br class=\"\" \/><a class=\"\" href=\"https:\/\/wheelbarrow-walk.com\/en\/\">www.wheelbarrow-walk.com<\/a><\/div>\t\t\t\t\t\t\t\t<\/div>\n\t\t\t\t<\/div>\n\t\t\t\t\t<\/div>\n\t\t<\/div>\n\t\t\t\t\t<\/div>\n\t\t<\/section>\n\t\t\t\t<\/div>","protected":false},"excerpt":{"rendered":"<p>COMMUNIQU\u00c9 DE PRESSE\u00a0 Varik, le 12 mai 2022\u00a0 \u00a0\u2018Il est grand temps de mettre la Terre enti\u00e8re sur la liste du Patrimoine Mondial!\u00a0 \u00a0Le 12 mai, vers 17h30, la Marche de Brouette est \u00e0 mi-parcours et franchit la fronti\u00e8re belgo-fran\u00e7aise : il est possible de se connecter!\u00a0Henry Mentink arrive le 5 juin avec son Wheelbarrow-Walk [&hellip;]<\/p>\n","protected":false},"author":26,"featured_media":0,"parent":0,"menu_order":0,"comment_status":"closed","ping_status":"closed","template":"","meta":{"_glsr_average":0,"_glsr_ranking":0,"_glsr_reviews":0,"footnotes":""},"class_list":["post-23249","page","type-page","status-publish","hentry"],"_links":{"self":[{"href":"https:\/\/wheelbarrow-walk.com\/en\/wp-json\/wp\/v2\/pages\/23249","targetHints":{"allow":["GET"]}}],"collection":[{"href":"https:\/\/wheelbarrow-walk.com\/en\/wp-json\/wp\/v2\/pages"}],"about":[{"href":"https:\/\/wheelbarrow-walk.com\/en\/wp-json\/wp\/v2\/types\/page"}],"author":[{"embeddable":true,"href":"https:\/\/wheelbarrow-walk.com\/en\/wp-json\/wp\/v2\/users\/26"}],"replies":[{"embeddable":true,"href":"https:\/\/wheelbarrow-walk.com\/en\/wp-json\/wp\/v2\/comments?post=23249"}],"version-history":[{"count":10,"href":"https:\/\/wheelbarrow-walk.com\/en\/wp-json\/wp\/v2\/pages\/23249\/revisions"}],"predecessor-version":[{"id":23264,"href":"https:\/\/wheelbarrow-walk.com\/en\/wp-json\/wp\/v2\/pages\/23249\/revisions\/23264"}],"wp:attachment":[{"href":"https:\/\/wheelbarrow-walk.com\/en\/wp-json\/wp\/v2\/media?parent=23249"}],"curies":[{"name":"wp","href":"https:\/\/api.w.org\/{rel}","templated":true}]}}

Communiqué de presse 12 mai

<div data-elementor-type="wp-page" data-elementor-id="23249" class="elementor elementor-23249" data-elementor-post-type="page">
						<section class="elementor-section elementor-top-section elementor-element elementor-element-2c8d75c elementor-section-boxed elementor-section-height-default elementor-section-height-default" data-id="2c8d75c" data-element_type="section" data-e-type="section">
						<div class="elementor-container elementor-column-gap-default">
					<div class="elementor-column elementor-col-100 elementor-top-column elementor-element elementor-element-0de2240" data-id="0de2240" data-element_type="column" data-e-type="column">
			<div class="elementor-widget-wrap elementor-element-populated">
						<div class="elementor-element elementor-element-e7ed91f elementor-widget elementor-widget-image" data-id="e7ed91f" data-element_type="widget" data-e-type="widget" data-widget_type="image.default">
				<div class="elementor-widget-container">
															<img fetchpriority="high" decoding="async" width="800" height="534" src="https://wheelbarrow-walk.com/wp-content/uploads/DSC_1096-1600x1067.jpg" class="attachment-large size-large wp-image-23252" alt="" srcset="https://wheelbarrow-walk.com/wp-content/uploads/DSC_1096-1600x1067.jpg 1600w, https://wheelbarrow-walk.com/wp-content/uploads/DSC_1096-300x200.jpg 300w, https://wheelbarrow-walk.com/wp-content/uploads/DSC_1096-768x512.jpg 768w, https://wheelbarrow-walk.com/wp-content/uploads/DSC_1096-120x80.jpg 120w, https://wheelbarrow-walk.com/wp-content/uploads/DSC_1096-1536x1024.jpg 1536w, https://wheelbarrow-walk.com/wp-content/uploads/DSC_1096-18x12.jpg 18w, https://wheelbarrow-walk.com/wp-content/uploads/DSC_1096.jpg 1800w" sizes="(max-width: 800px) 100vw, 800px" />															</div>
				</div>
					</div>
		</div>
					</div>
		</section>
				<section class="elementor-section elementor-top-section elementor-element elementor-element-5eb022c elementor-section-boxed elementor-section-height-default elementor-section-height-default" data-id="5eb022c" data-element_type="section" data-e-type="section">
						<div class="elementor-container elementor-column-gap-default">
					<div class="elementor-column elementor-col-100 elementor-top-column elementor-element elementor-element-c3b70e7" data-id="c3b70e7" data-element_type="column" data-e-type="column">
			<div class="elementor-widget-wrap elementor-element-populated">
						<div class="elementor-element elementor-element-24ac021 elementor-widget elementor-widget-text-editor" data-id="24ac021" data-element_type="widget" data-e-type="widget" data-widget_type="text-editor.default">
				<div class="elementor-widget-container">
									<p><b class="">COMMUNIQUÉ DE PRESSE </b></p><div class=""><br class="" />Varik, le 12 mai 2022</div><div class=""><b class="">   <br class="" />‘Il est grand temps de mettre la Terre entière sur la liste du Patrimoine Mondial!</b></div><div class="">   <br class="" /><b class="">Le 12 mai, vers 17h30, la Marche de Brouette est à mi-parcours et franchit la frontière belgo-française : il est possible de se connecter! </b></div><div class=""><br class="" /><b class="">Henry Mentink arrive le 5 juin avec son Wheelbarrow-Walk (Marche de Brouette) au siège de l&#8217;UNESCO à Paris </b></div><div class=""><b class=""><br class="" />Pèlerinage Pour la Terre <br class="" />Le 22 april 2022, la Journée de la Terre, Henry Mentink a entamé depuis son  Veerhuis (Maison de passeur) à Varik (en province de Gueldre au Pays-Bas) son aventure spéciale, sa Randonnée avec sa Brouette: un Pèlerinage Pour la Terre. En 45 jours, Henry parcourt avec sa Brouette pleine de sachets avec de la terre provenant de plus de 70 pays un trajet qui lui mène jusqu’au quartier général de l’UNESCO à Paris où le 5 juin 2022 la Terre entière sera mise sur la liste du Patrimoine Mondial.</b></div><div class="">   <br class="" />&#8220;Ce n&#8217;est pas possible du tout, mais c&#8217;est néanmoins une bonne idée&#8221;, déclare le secrétaire général de l&#8217;UNESCO Pays-Bas. </div><div class=""><br class="" />Henry, et de plus en plus d&#8217;autres personnes inspirées, prennent cela comme un bel encouragement. </div><div class=""><br class="" />En préparation, Henry a tracé une ligne droite de Varik (au Pays-Bas) à Paris. Il a découvert que tous les 10 kilomètres il y a toutes sortes d&#8217;initiatives et de personnes qui prennent déjà soin les unes des autres et de la Terre. Beaucoup de ces initiatives soutiennent désormais ce Pèlerinage pour la Terre. En cours de route, Henry visite de nombreux endroits différents, qui ont tous une relation durable avec la Terre. </div><div class=""><br class="" /><b class="">Par coïncidence, La Ligne Droite traverse également Bruxelles, où se trouve l&#8217;UE. Ici, Henry, avec un certain nombre d&#8217;organisations influentes  de Belgique et des Pays-Bas partageant les mêmes idées  a eu rendez-vous avec le cabinet de Frans Timmermans, vice-président de la Commission européenne, pour introduire le sujet de la propriété foncière dans le Green Deal. Ils remettront un Manifeste pour la Terre pour les inciter à inclure la Terre en tant que « commun » dans le Green Deal. Cela se poursuivra au début de 2023 lorsque ‘Soil Health Law’ sera à l&#8217;ordre du jour et nous seront également invités à y contribuer. </b></div><div class=""><br class="" />La brouette a une charge spéciale qui ne cesse d’augmenter quotidiennement. Des personnes de plus de 70 pays ont déjà envoyé un sachet avec de la terre, un don et un vœu pour la Terre à Varik. Henry amène tous ces sachets et les voeux à l&#8217;UNESCO à Paris où il les remettra ainsi que le Manifeste pour la Terre au Directeur Héritage Mondial de l’UNESCO le 5 juin. </div><div class=""><br class="" /><b class="">Événement climat, visites de fermes et d&#8217;écoles en France </b><br class="" />Dans les semaines à venir, Henry visitera également plusieurs écoles en France où le Wheelbarrow-Walk (Marche de la Brouette) fait partie du programme scolaire. Une initiative particulière est celle des 24 et 25 mai : </div><div class=""><br class="" /><b class="">Événement climatique Guiscard-Noyon-Chiry-Ourscamp-Ribécourt-Dreslincourt </b><br class="" />Ces jours-là, Henry et ses compagnons de route sont accueillis royalement par les maires de Guiscard et Noyon et les offices de tourisme de Noyon et Chiry-Ourscamp. Tout cela dans le cadre de la manifestation climatique &#8216;Plan Climat du Pays de Sources et Vallées&#8217;, qui se déroulera du 30 avril au 5 juin. 106 communes françaises sont concernées. Noyon est par ailleurs également la ville natale de Jean Calvin. </div><div class=""><br class="" /><b class="">Visite d&#8217;une ferme avec terres libérées </b><br class="" />Une autre partie essentielle de cette marche des brouettes est de libérer la Terre des pressions financières et de la propriété afin que la Terre, comme le ciel et le soleil, soit libre et que nous nous connections avec sa vie et prenions soin d&#8217;elle et les uns des autres. Un très bel exemple en est la Ferme &#8216;Les Bilbacs&#8217;, qui sera visitée le 17 mai. C&#8217;est l&#8217;une des fermes de Terre de Liens. Cette organisation française a été fondée par le Néerlandais Sjoerd Wartena et a jusqu&#8217;à ce jour déjà retiré 8.000 hectares de terre du marché français pour contrer la spéculation. </div><div class=""><br class="" />Chaque jour, Henry marche déjà en compagnie de beaucoup de personnes qui marchent avec lui, y compris de plus en plus de gens de la presse. Le 24 et le 25 mai, des centaines d’enfants et de parents marcheront avec lui pour témoigner de leur lien avec et leur souci pour la Terre. </div><div class=""><br class="" />Il va de soi que d&#8217;autres contributions ainsi que des pèlerins marchant ensemble Pour la Terre sont les bienvenus! </div><div class=""><br class="" /><b class="">Pour plus d’information &amp; pour faire des rendez-vous par téléphone avec Henry le 12 mai:  </b></div><div class=""><b class=""><br class="" />Merci de contacter (Anglais): </b></div><div class="">Frans-Willem Deliën  <br class="" />Tel.: +31 6 38 600 504  </div><div class=""><br class="" /><a class="" href="mailto:media@wheelbarrow-walk.com">media@wheelbarrow-walk.com</a></div><div class=""> </div><div class="">Pour l’ information complète sur les 45 jours de ce Pèlerinage Pour La Terre, sur les initiatives prises le long de la ligne droite ainsi que l’information concernant le dossier de presse, et encore plus, veuillez consulter: </div><div class=""> <br class="" /><a class="" href="https://wheelbarrow-walk.com/en/">www.wheelbarrow-walk.com</a></div>								</div>
				</div>
					</div>
		</div>
					</div>
		</section>
				</div>

<p>COMMUNIQUÉ DE PRESSE  Varik, le 12 mai 2022   ‘Il est grand temps de mettre la Terre entière sur la liste du Patrimoine Mondial!   Le 12 mai, vers 17h30, la Marche de Brouette est à mi-parcours et franchit la frontière belgo-française : il est possible de se connecter! Henry Mentink arrive le 5 juin avec son Wheelbarrow-Walk [&hellip;]</p>
