{"id":20683,"date":"2022-04-20T14:01:57","date_gmt":"2022-04-20T12:01:57","guid":{"rendered":"https:\/\/wheelbarrow-walk.com\/?page_id=20683"},"modified":"2022-04-20T14:06:55","modified_gmt":"2022-04-20T12:06:55","slug":"communique-de-presse-20-april-fr","status":"publish","type":"page","link":"https:\/\/wheelbarrow-walk.com\/en\/communique-de-presse-20-april-fr\/","title":{"rendered":"Communiqu\u00e9 de presse\u00a020 April FR"},"content":{"rendered":"<div data-elementor-type=\"wp-page\" data-elementor-id=\"20683\" class=\"elementor elementor-20683\" data-elementor-post-type=\"page\">\n\t\t\t\t\t\t<section class=\"elementor-section elementor-top-section elementor-element elementor-element-847f5aa elementor-section-boxed elementor-section-height-default elementor-section-height-default\" data-id=\"847f5aa\" data-element_type=\"section\" data-e-type=\"section\">\n\t\t\t\t\t\t<div class=\"elementor-container elementor-column-gap-default\">\n\t\t\t\t\t<div class=\"elementor-column elementor-col-100 elementor-top-column elementor-element elementor-element-68eade2\" data-id=\"68eade2\" data-element_type=\"column\" data-e-type=\"column\">\n\t\t\t<div class=\"elementor-widget-wrap elementor-element-populated\">\n\t\t\t\t\t\t<div class=\"elementor-element elementor-element-aa09c01 elementor-widget elementor-widget-image\" data-id=\"aa09c01\" data-element_type=\"widget\" data-e-type=\"widget\" data-widget_type=\"image.default\">\n\t\t\t\t<div class=\"elementor-widget-container\">\n\t\t\t\t\t\t\t\t\t\t\t\t\t\t\t<img fetchpriority=\"high\" decoding=\"async\" width=\"800\" height=\"450\" src=\"https:\/\/wheelbarrow-walk.com\/wp-content\/uploads\/Henry_Krui-tocht_Parijs_WEB.jpg\" class=\"attachment-large size-large wp-image-19664\" alt=\"\" srcset=\"https:\/\/wheelbarrow-walk.com\/wp-content\/uploads\/Henry_Krui-tocht_Parijs_WEB.jpg 1366w, https:\/\/wheelbarrow-walk.com\/wp-content\/uploads\/Henry_Krui-tocht_Parijs_WEB-300x169.jpg 300w, https:\/\/wheelbarrow-walk.com\/wp-content\/uploads\/Henry_Krui-tocht_Parijs_WEB-768x432.jpg 768w, https:\/\/wheelbarrow-walk.com\/wp-content\/uploads\/Henry_Krui-tocht_Parijs_WEB-18x10.jpg 18w\" sizes=\"(max-width: 800px) 100vw, 800px\" \/>\t\t\t\t\t\t\t\t\t\t\t\t\t\t\t<\/div>\n\t\t\t\t<\/div>\n\t\t\t\t\t<\/div>\n\t\t<\/div>\n\t\t\t\t\t<\/div>\n\t\t<\/section>\n\t\t\t\t<section class=\"elementor-section elementor-top-section elementor-element elementor-element-74a9a2a elementor-section-boxed elementor-section-height-default elementor-section-height-default\" data-id=\"74a9a2a\" data-element_type=\"section\" data-e-type=\"section\">\n\t\t\t\t\t\t<div class=\"elementor-container elementor-column-gap-default\">\n\t\t\t\t\t<div class=\"elementor-column elementor-col-100 elementor-top-column elementor-element elementor-element-f33e757\" data-id=\"f33e757\" data-element_type=\"column\" data-e-type=\"column\">\n\t\t\t<div class=\"elementor-widget-wrap elementor-element-populated\">\n\t\t\t\t\t\t<div class=\"elementor-element elementor-element-bef91e8 elementor-widget elementor-widget-text-editor\" data-id=\"bef91e8\" data-element_type=\"widget\" data-e-type=\"widget\" data-widget_type=\"text-editor.default\">\n\t\t\t\t<div class=\"elementor-widget-container\">\n\t\t\t\t\t\t\t\t\t<p class=\"p1\"><span class=\"s1\">Communiqu\u00e9 de presse<\/span><\/p><p class=\"p1\"><strong>Varik, le 20 avril 2022<\/strong>\u00a0<\/p><p class=\"p1\"><strong>Sujet : \u2018Il est grand temps de mettre notre Plan\u00e8te sur la Liste du Patrimoine Mondial!\u2019<\/strong>\u00a0<\/p><p class=\"p1\"><strong>En se promenant avec une brouette pleine de terre de Varik (Betuwe) \u00e0 Paris.<\/strong>\u00a0<\/p><p class=\"p1\"><span class=\"s1\">Le 22 avril 2022 \u00e0 10.00 h<\/span>, le Jour de notre Plan\u00e8te, Henry Mentink commencera de \u2018Veerhuis\u2019 (maison de ferry) \u00e0 Varik (Gelderland), Waalbandijk 8, <em>un P\u00e8lerinage de Brouette: un P\u00e8lerinage Pour notre Plan\u00e8te<\/em>. En 45 jours il marche avec sa brouette au si\u00e8ge social de l\u2019UNESCO \u00e0 Paris pour y prendre soin que le 5 juin 2022 <strong>notre Plan\u00e8te<\/strong> sera plac\u00e9e sur <strong>la Liste du Patrimoine Mondial.<\/strong>\u00a0<\/p><p class=\"p1\">Pendant la marche il visitera plusieurs lieux qui sont en relation avec la durabilit\u00e9.\u00a0<\/p><p class=\"p1\">Il s\u2019arr\u00eatera par exemple \u00e0 un verger sp\u00e9cial dans les environs d\u2019Anvers et \u00e0 une communaut\u00e9 r\u00e9sidentielle dans le nord de la France.\u00a0<\/p><p class=\"p3\">Henry Mentink: \u201c<strong>J<\/strong>\u2019<strong>ai commenc\u00e9 \u00e0 partager des voitures et maintenant je veux partager notre Plan\u00e8te. Quand nous \u00e9coutons notre Plan\u00e8te, nous pouvons entendre et voir que nous l\u2019\u00e9puisons. Nous voyons et pouvons sentir aussi que nous devons prendre bon soin d\u2019elle, si nous voulons la laisser habitable pour les 7 g\u00e9n\u00e9rations qui suivent. C<\/strong>\u2019<strong>est pour cela que je veux faire placer notre Plan\u00e8te sur la Liste du Patrimoine Mondiale.<\/strong>\u201d\u00a0<\/p><p class=\"p3\">\u2018<em>Ce n<\/em>\u2019<em>est pas possible, mais c<\/em>\u2019<em>est quand-m\u00eame une bonne id\u00e9e.<\/em>\u2019 dit le secr\u00e9taire-g\u00e9n\u00e9ral de l\u2019UNESCO Pays-Bas. Henry, et beaucoup d\u2019autres, consid\u00e8rent cette remarque comme un encouragement.\u00a0<\/p><p class=\"p3\">Comme pr\u00e9paration Henry a trac\u00e9 <em>une ligne droite <\/em>de Varik \u00e0 Paris. Il a d\u00e9couvert que chaque 10 km il y a toutes sortes d\u2019initiatives et gens qui prennent soin les uns des autres et de notre Plan\u00e8te. En ce moment il y a d\u00e9j\u00e0 beaucoup de ces initiatives qui soutiennent ce <em>P\u00e8lerinage Pour notre Plan\u00e8te<\/em>.\u00a0<\/p><p class=\"p3\"><strong>D\u00e9j\u00e0 plus de 100 personnes rejoindront cette Marche avec la Brouette.<\/strong>\u00a0<\/p><p class=\"p1\">La brouette porte une cargaison sp\u00e9ciale. Des gens de plus de 70 pays ont envoy\u00e9 \u00e0 Varik une pochette de terre, un don et un souhait pour notre Plan\u00e8te. Plus de dons et de p\u00e8lerins sont les bienvenues!\u00a0<\/p><p class=\"p3\"><strong>Plus d\u2019informations:\u00a0<br \/><\/strong>Frans-Willem Deli\u00ebn\u00a0<br \/>T\u00e9l.: +31 6 38 600 504\u00a0\u00a0<br \/><a href=\"mailto:media@wheelbarrow-walk.com\">media@wheelbarrow-walk.com<\/a><span class=\"s2\">\u00a0<\/span><\/p><p class=\"p3\">Des informations sur les 45 jours de ce P\u00e8lerinage Pour notre Plan\u00e8te, les initiatives le long de <em>la ligne droite <\/em>et encore beaucoup plus est \u00e0 trouver sur\u2026..\u00a0<\/p><p class=\"p3\"><span class=\"s1\"><a href=\"https:\/\/wheelbarrow-walk.com\/en\/\">www.wheelbarrow-walk.com<\/a><\/span><\/p>\t\t\t\t\t\t\t\t<\/div>\n\t\t\t\t<\/div>\n\t\t\t\t\t<\/div>\n\t\t<\/div>\n\t\t\t\t\t<\/div>\n\t\t<\/section>\n\t\t\t\t<\/div>","protected":false},"excerpt":{"rendered":"<p>Communiqu\u00e9 de presse Varik, le 20 avril 2022&nbsp; Sujet : \u2018Il est grand temps de mettre notre Plan\u00e8te sur la Liste du Patrimoine Mondial!\u2019&nbsp; En se promenant avec une brouette pleine de terre de Varik (Betuwe) \u00e0 Paris.&nbsp; Le 22 avril 2022 \u00e0 10.00 h, le Jour de notre Plan\u00e8te, Henry Mentink commencera de \u2018Veerhuis\u2019 [&hellip;]<\/p>\n","protected":false},"author":26,"featured_media":0,"parent":0,"menu_order":0,"comment_status":"closed","ping_status":"closed","template":"","meta":{"_glsr_average":0,"_glsr_ranking":0,"_glsr_reviews":0,"footnotes":""},"class_list":["post-20683","page","type-page","status-publish","hentry"],"_links":{"self":[{"href":"https:\/\/wheelbarrow-walk.com\/en\/wp-json\/wp\/v2\/pages\/20683","targetHints":{"allow":["GET"]}}],"collection":[{"href":"https:\/\/wheelbarrow-walk.com\/en\/wp-json\/wp\/v2\/pages"}],"about":[{"href":"https:\/\/wheelbarrow-walk.com\/en\/wp-json\/wp\/v2\/types\/page"}],"author":[{"embeddable":true,"href":"https:\/\/wheelbarrow-walk.com\/en\/wp-json\/wp\/v2\/users\/26"}],"replies":[{"embeddable":true,"href":"https:\/\/wheelbarrow-walk.com\/en\/wp-json\/wp\/v2\/comments?post=20683"}],"version-history":[{"count":5,"href":"https:\/\/wheelbarrow-walk.com\/en\/wp-json\/wp\/v2\/pages\/20683\/revisions"}],"predecessor-version":[{"id":20690,"href":"https:\/\/wheelbarrow-walk.com\/en\/wp-json\/wp\/v2\/pages\/20683\/revisions\/20690"}],"wp:attachment":[{"href":"https:\/\/wheelbarrow-walk.com\/en\/wp-json\/wp\/v2\/media?parent=20683"}],"curies":[{"name":"wp","href":"https:\/\/api.w.org\/{rel}","templated":true}]}}

Communiqué de presse 20 April FR

<div data-elementor-type="wp-page" data-elementor-id="20683" class="elementor elementor-20683" data-elementor-post-type="page">
						<section class="elementor-section elementor-top-section elementor-element elementor-element-847f5aa elementor-section-boxed elementor-section-height-default elementor-section-height-default" data-id="847f5aa" data-element_type="section" data-e-type="section">
						<div class="elementor-container elementor-column-gap-default">
					<div class="elementor-column elementor-col-100 elementor-top-column elementor-element elementor-element-68eade2" data-id="68eade2" data-element_type="column" data-e-type="column">
			<div class="elementor-widget-wrap elementor-element-populated">
						<div class="elementor-element elementor-element-aa09c01 elementor-widget elementor-widget-image" data-id="aa09c01" data-element_type="widget" data-e-type="widget" data-widget_type="image.default">
				<div class="elementor-widget-container">
															<img fetchpriority="high" decoding="async" width="800" height="450" src="https://wheelbarrow-walk.com/wp-content/uploads/Henry_Krui-tocht_Parijs_WEB.jpg" class="attachment-large size-large wp-image-19664" alt="" srcset="https://wheelbarrow-walk.com/wp-content/uploads/Henry_Krui-tocht_Parijs_WEB.jpg 1366w, https://wheelbarrow-walk.com/wp-content/uploads/Henry_Krui-tocht_Parijs_WEB-300x169.jpg 300w, https://wheelbarrow-walk.com/wp-content/uploads/Henry_Krui-tocht_Parijs_WEB-768x432.jpg 768w, https://wheelbarrow-walk.com/wp-content/uploads/Henry_Krui-tocht_Parijs_WEB-18x10.jpg 18w" sizes="(max-width: 800px) 100vw, 800px" />															</div>
				</div>
					</div>
		</div>
					</div>
		</section>
				<section class="elementor-section elementor-top-section elementor-element elementor-element-74a9a2a elementor-section-boxed elementor-section-height-default elementor-section-height-default" data-id="74a9a2a" data-element_type="section" data-e-type="section">
						<div class="elementor-container elementor-column-gap-default">
					<div class="elementor-column elementor-col-100 elementor-top-column elementor-element elementor-element-f33e757" data-id="f33e757" data-element_type="column" data-e-type="column">
			<div class="elementor-widget-wrap elementor-element-populated">
						<div class="elementor-element elementor-element-bef91e8 elementor-widget elementor-widget-text-editor" data-id="bef91e8" data-element_type="widget" data-e-type="widget" data-widget_type="text-editor.default">
				<div class="elementor-widget-container">
									<p class="p1"><span class="s1">Communiqué de presse</span></p><p class="p1"><strong>Varik, le 20 avril 2022</strong> </p><p class="p1"><strong>Sujet : ‘Il est grand temps de mettre notre Planète sur la Liste du Patrimoine Mondial!’</strong> </p><p class="p1"><strong>En se promenant avec une brouette pleine de terre de Varik (Betuwe) à Paris.</strong> </p><p class="p1"><span class="s1">Le 22 avril 2022 à 10.00 h</span>, le Jour de notre Planète, Henry Mentink commencera de ‘Veerhuis’ (maison de ferry) à Varik (Gelderland), Waalbandijk 8, <em>un Pèlerinage de Brouette: un Pèlerinage Pour notre Planète</em>. En 45 jours il marche avec sa brouette au siège social de l’UNESCO à Paris pour y prendre soin que le 5 juin 2022 <strong>notre Planète</strong> sera placée sur <strong>la Liste du Patrimoine Mondial.</strong> </p><p class="p1">Pendant la marche il visitera plusieurs lieux qui sont en relation avec la durabilité. </p><p class="p1">Il s’arrêtera par exemple à un verger spécial dans les environs d’Anvers et à une communauté résidentielle dans le nord de la France. </p><p class="p3">Henry Mentink: “<strong>J</strong>’<strong>ai commencé à partager des voitures et maintenant je veux partager notre Planète. Quand nous écoutons notre Planète, nous pouvons entendre et voir que nous l’épuisons. Nous voyons et pouvons sentir aussi que nous devons prendre bon soin d’elle, si nous voulons la laisser habitable pour les 7 générations qui suivent. C</strong>’<strong>est pour cela que je veux faire placer notre Planète sur la Liste du Patrimoine Mondiale.</strong>” </p><p class="p3">‘<em>Ce n</em>’<em>est pas possible, mais c</em>’<em>est quand-même une bonne idée.</em>’ dit le secrétaire-général de l’UNESCO Pays-Bas. Henry, et beaucoup d’autres, considèrent cette remarque comme un encouragement. </p><p class="p3">Comme préparation Henry a tracé <em>une ligne droite </em>de Varik à Paris. Il a découvert que chaque 10 km il y a toutes sortes d’initiatives et gens qui prennent soin les uns des autres et de notre Planète. En ce moment il y a déjà beaucoup de ces initiatives qui soutiennent ce <em>Pèlerinage Pour notre Planète</em>. </p><p class="p3"><strong>Déjà plus de 100 personnes rejoindront cette Marche avec la Brouette.</strong> </p><p class="p1">La brouette porte une cargaison spéciale. Des gens de plus de 70 pays ont envoyé à Varik une pochette de terre, un don et un souhait pour notre Planète. Plus de dons et de pèlerins sont les bienvenues! </p><p class="p3"><strong>Plus d’informations: <br /></strong>Frans-Willem Deliën <br />Tél.: +31 6 38 600 504  <br /><a href="mailto:media@wheelbarrow-walk.com">media@wheelbarrow-walk.com</a><span class="s2"> </span></p><p class="p3">Des informations sur les 45 jours de ce Pèlerinage Pour notre Planète, les initiatives le long de <em>la ligne droite </em>et encore beaucoup plus est à trouver sur….. </p><p class="p3"><span class="s1"><a href="https://wheelbarrow-walk.com/en/">www.wheelbarrow-walk.com</a></span></p>								</div>
				</div>
					</div>
		</div>
					</div>
		</section>
				</div>

<p>Communiqué de presse Varik, le 20 avril 2022&nbsp; Sujet : ‘Il est grand temps de mettre notre Planète sur la Liste du Patrimoine Mondial!’&nbsp; En se promenant avec une brouette pleine de terre de Varik (Betuwe) à Paris.&nbsp; Le 22 avril 2022 à 10.00 h, le Jour de notre Planète, Henry Mentink commencera de ‘Veerhuis’ [&hellip;]</p>
